
What is the ten thousands digit of 174451?
7
What is the units digit of 140826?
6
What is the units digit of 12555?
5
What is the thousands digit of 4374?
4
What is the tens digit of 1643?
4
What is the tens digit of 332?
3
What is the units digit of 801?
1
What is the units digit of 39349?
9
What is the thousands digit of 29653?
9
What is the units digit of 228?
8
What is the hundreds digit of 175?
1
What is the units digit of 34359?
9
What is the units digit of 24329?
9
What is the tens digit of 8571?
7
What is the hundreds digit of 4019?
0
What is the ten thousands digit of 163786?
6
What is the tens digit of 432?
3
What is the thousands digit of 28732?
8
What is the tens digit of 2053?
5
What is the units digit of 1028?
8
What is the tens digit of 29949?
4
What is the units digit of 117?
7
What is the ten thousands digit of 12320?
1
What is the tens digit of 17338?
3
What is the tens digit of 32389?
8
What is the hundreds digit of 6691?
6
What is the units digit of 1567?
7
What is the units digit of 29132?
2
What is the thousands digit of 2029?
2
What is the units digit of 62232?
2
What is the thousands digit of 20476?
0
What is the tens digit of 1451?
5
What is the thousands digit of 79413?
9
What is the hundreds digit of 3128?
1
What is the units digit of 2736?
6
What is the tens digit of 3961?
6
What is the tens digit of 3385?
8
What is the hundreds digit of 20202?
2
What is the hundreds digit of 27867?
8
What is the units digit of 542?
2
What is the tens digit of 3923?
2
What is the units digit of 1495?
5
What is the hundreds digit of 451?
4
What is the tens digit of 1158?
5
What is the units digit of 16910?
0
What is the hundreds digit of 12898?
8
What is the hundreds digit of 712?
7
What is the thousands digit of 2275?
2
What is the tens digit of 297?
9
What is the hundred thousands digit of 175618?
1
What is the hundreds digit of 5942?
9
What is the units digit of 1632?
2
What is the thousands digit of 15479?
5
What is the thousands digit of 109284?
9
What is the hundreds digit of 5728?
7
What is the units digit of 3737?
7
What is the thousands digit of 1283?
1
What is the units digit of 1344?
4
What is the hundreds digit of 911?
9
What is the tens digit of 68?
6
What is the thousands digit of 1613?
1
What is the thousands digit of 12647?
2
What is the tens digit of 8864?
6
What is the hundreds digit of 5765?
7
What is the hundreds digit of 938?
9
What is the tens digit of 1773?
7
What is the tens digit of 1749?
4
What is the hundred thousands digit of 120819?
1
What is the hundreds digit of 878?
8
What is the hundreds digit of 17477?
4
What is the tens digit of 1846?
4
What is the units digit of 1502?
2
What is the tens digit of 63724?
2
What is the thousands digit of 1114?
1
What is the tens digit of 123?
2
What is the tens digit of 1245?
4
What is the tens digit of 9313?
1
What is the units digit of 1001?
1
What is the ten thousands digit of 13928?
1
What is the hundreds digit of 101?
1
What is the tens digit of 84?
8
What is the thousands digit of 52739?
2
What is the units digit of 1955?
5
What is the tens digit of 2110?
1
What is the tens digit of 804?
0
What is the units digit of 14059?
9
What is the tens digit of 971?
7
What is the units digit of 16931?
1
What is the ten thousands digit of 40250?
4
What is the thousands digit of 2329?
2
What is the ten thousands digit of 11272?
1
What is the tens digit of 490?
9
What is the thousands digit of 3731?
3
What is the units digit of 1558?
8
What is the tens digit of 117848?
4
What is the tens digit of 1593?
9
What is the units digit of 1207?
7
What is the units digit of 33914?
4
What is the tens digit of 46564?
6
What is the units digit of 6002?
2
What is the hundreds digit of 1211?
2
What is the tens digit of 40503?
0
What is the thousands digit of 13923?
3
What is the thousands digit of 13806?
3
What is the thousands digit of 2704?
2
What is the ten thousands digit of 11517?
1
What is the tens digit of 5445?
4
What is the units digit of 33052?
2
What is the units digit of 8?
8
What is the units digit of 3630?
0
What is the thousands digit of 11602?
1
What is the hundreds digit of 36951?
9
What is the tens digit of 134589?
8
What is the hundreds digit of 3837?
8
What is the hundreds digit of 1759?
7
What is the tens digit of 40915?
1
What is the hundreds digit of 4425?
4
What is the hundreds digit of 14594?
5
What is the hundreds digit of 4788?
7
What is the units digit of 48332?
2
What is the thousands digit of 30259?
0
What is the tens digit of 136?
3
What is the units digit of 119046?
6
What is the units digit of 39?
9
What is the ten thousands digit of 23644?
2
What is the hundreds digit of 159?
1
What is the units digit of 34070?
0
What is the hundreds digit of 111?
1
What is the units digit of 571?
1
What is the units digit of 75851?
1
What is the ten thousands digit of 26819?
2
What is the tens digit of 11220?
2
What is the units digit of 445?
5
What is the units digit of 5150?
0
What is the units digit of 4215?
5
What is the units digit of 133716?
6
What is the units digit of 20157?
7
What is the units digit of 10086?
6
What is the tens digit of 297?
9
What is the hundred thousands digit of 130410?
1
What is the hundreds digit of 30105?
1
What is the thousands digit of 3928?
3
What is the hundreds digit of 449?
4
What is the thousands digit of 39849?
9
What is the thousands digit of 8612?
8
What is the hundreds digit of 17032?
0
What is the tens digit of 10072?
7
What is the units digit of 223?
3
What is the ten thousands digit of 24287?
2
What is the tens digit of 40647?
4
What is the hundreds digit of 302?
3
What is the ten thousands digit of 173357?
7
What is the ten thousands digit of 87970?
8
What is the units digit of 717?
7
What is the thousands digit of 56034?
6
What is the hundreds digit of 6272?
2
What is the hundreds digit of 40697?
6
What is the ten thousands digit of 39533?
3
What is the tens digit of 10154?
5
What is the tens digit of 56354?
5
What is the units digit of 2453?
3
What is the units digit of 1897?
7
What is the units digit of 419?
9
What is the tens digit of 332?
3
What is the thousands digit of 44071?
4
What is the units digit of 1535?
5
What is the tens digit of 990?
9
What is the thousands digit of 11455?
1
What is the units digit of 318?
8
What is the hundred thousands digit of 139411?
1
What is the thousands digit of 3197?
3
What is the tens digit of 4357?
5
What is the units digit of 2937?
7
What is the ten thousands digit of 60055?
6
What is the tens digit of 86415?
1
What is the ten thousands digit of 17109?
1
What is the units digit of 2253?
3
What is the thousands digit of 3979?
3
What is the hundreds digit of 46459?
4
What is the tens digit of 510?
1
What is the hundreds digit of 102792?
7
What is the thousands digit of 6624?
6
What is the ten thousands digit of 31347?
3
What is the hundreds digit of 1190?
1
What is the hundreds digit of 4773?
7
What is the hundreds digit of 29387?
3
What is the units digit of 2146?
6
What is the tens digit of 813?
1
What is the hundreds digit of 21804?
8
What is the thousands digit of 45117?
5
What is the units digit of 6076?
6
What is the units digit of 1223?
3
What is the units digit of 737?
7
What is the tens digit of 5386?
8
What is the hundreds digit of 90413?
4
What is the thousands digit of 2496?
2
What is the units digit of 908?
8
What is the hundreds digit of 5305?
3
What is the units digit of 8520?
0
What is the units digit of 12897?
7
What is the hundreds digit of 3591?
5
What is the units digit of 28810?
0
What is the units digit of 46168?
8
What is the tens digit of 644?
4
What is the units digit of 7338?
8
What is the hundreds digit of 1147?
1
What is the thousands digit of 3834?
3
What is the units digit of 1948?
8
What is the hundreds digit of 476?
4
What is the ten thousands digit of 92368?
9
What is the tens digit of 102?
0
What is the units digit of 20904?
4
What is the tens digit of 8995?
9
What is the hundreds digit of 2433?
4
What is the thousands digit of 12230?
2
What is the units digit of 2270?
0
What is the thousands digit of 149690?
9
What is the tens digit of 4318?
1
What is the units digit of 1051?
1
What is the units digit of 1241?
1
What is the hundreds digit of 9